840 + s**6/120 - s**5/40 + s**4/12 + 3*s**3/2 - 2*s**2. Let p(q) be the first derivative of v(q). Determine p(-3).
11
Let m(s) = 2*s - 14. Let r be m(6). Let y(z) = z**3 + z**2 + z + 1. Calculate y(r).
-5
Let t be ((-2)/4)/((-1)/4). Let j(q) = q**3 + 0*q**3 + q**2 + 7*q - t*q**3 - 7*q**2 - 5. What is j(-7)?
-5
Let x(r) = r**3 - 6*r**2 + 4*r + 2. Suppose 11 = 2*b + 1. Let h be x(b). Let k(d) = -d**2 - 1 + 3*d + 2*d**2 + 0*d**2. Calculate k(h).
-1
Let o(d) = -3 - 4*d + 3*d - d. Calculate o(5).
-13
Let c(i) = -2*i**2 + i - 1. Let w = 10 - 12. Calculate c(w).
-11
Let j(b) = 7*b**2 - 2*b + 8. Let p(q) = -6*q**2 + q - 7. Let v(n) = 5*j(n) + 6*p(n). Calculate v(-4).
-2
Let h be (0 + 0)/(1/1). Suppose h = -2*j - 0*j. Let s(l) = 3*l**3 + j*l**2 + 0*l**3 - l**2. Calculate s(1).
2
Let q(d) = 4*d + 0 - 3 + 2. Let n be q(1). Let a(x) = x - 5*x + n*x**2 + 1 + 2*x. What is a(1)?
2
Suppose 0 = 5*k - 6*k. Suppose k + 24 = 4*u. Let r(c) = -c**2 + 6*c. Determine r(u).
0
Let x(g) = 2*g + 3. Let a(t) = t**3 - t**2 + t + 4. Suppose -u - 4*o = -12, 2*u - 4*u - o = -3. Let w be a(u). Give x(w).
11
Let l = 5 - 3. Suppose -l = 3*h - 14. Let r(m) = -5 - m**3 + 3*m**3 - m**3 + 3*m - 4*m**2. What is r(h)?
7
Let l be 2/(-6) - (-5)/15. Let b(f) = 3*f**2 + 7*f + 25. Let y(a) = -a**2 - 3*a - 12. Let p(i) = 2*b(i) + 5*y(i). Determine p(l).
-10
Let k = -9 + 11. Let m(z) = -z + 4. Give m(k).
2
Suppose 0 = -5*n - 5, 5*t - 2*t = n + 19. Let v(r) = r - 3. What is v(t)?
3
Let h(g) = -5*g - 6. Let b(m) = m. Suppose l - 3*d - 2 = -l, l - 1 = -5*d. Let t(w) = l*h(w) + 4*b(w). Determine t(0).
-6
Let w = 3 + -2. Let i be (-2)/((-2)/3*w). Let l(z) = 1 + z**i - 3*z**2 - 7*z + 0*z**2 + 8*z. Give l(2).
-1
Let q(s) = s - 5. Let z be q(9). Let h(n) = -3 + n**3 + z - 3*n**2 - 3 - n - 3. Calculate h(4).
7
Suppose -5*s - 9 = 5*l - 39, 0 = -2*l + s. Let c(a) = 4*a - 2. Determine c(l).
6
Let y(k) = -3 - 8*k**2 - 2*k + k + 3 + 1. Give y(1).
-8
Let k(p) = -p**3 + 4*p**2 + 3*p + 7. Let o(t) = -t**3 + 4*t**2 - 4. Let v be o(3). What is k(v)?
-3
Let s(k) = 6 - 2*k + 18*k**2 - 10*k**2 - 3*k**2 - 11*k**3 + 10*k**3. Calculate s(5).
-4
Suppose -7 + 3 = -4*a. Let c(j) = -j**3 - j + 1. Determine c(a).
-1
Let h(d) = 7 - 4 - 4 - 2*d. Give h(2).
-5
Let f(y) = -y**3 + 13*y**2 - 11*y - 10. Let v be f(12). Let l(h) = h**3 + 6*h**2 - 7*h + 4 + 20*h - 9*h + v*h. What is l(-4)?
12
Suppose 2*o + 1 = 9. Let v(m) = -17 - 3*m**2 + o*m**2 + 19 - 6*m. Calculate v(5).
-3
Let g(j) = 4*j - 4. Let o(l) = -6 + 0 - 1 + 7*l + 0. Let p(v) = 5*g(v) - 3*o(v). Give p(0).
1
Suppose 3*h - 16 = -4. Let t(w) = h*w + w**2 - w + 7 - 7*w - 3*w. Calculate t(7).
7
Let a(f) = -f - 3. Let b = 6 - 12. Let g be a(b). Suppose -g*w - 5 = 2*w. Let v(d) = 4*d**2 - d - 1. Calculate v(w).
4
Let g(k) = -k**2 + 6*k - 6. Let y be g(4). Suppose y = 4*q + 6. Let m(r) = 3*r + 7. Let t(s) = 3*s + 6. Let w(c) = 6*m(c) - 7*t(c). Calculate w(q).
3
Let s(b) = -b**2 - b - 7. Suppose a - 5*c + 12 = 0, -3*c = -5*a - 8*c. Let t be 1/(-2)*(a + 2). Calculate s(t).
-7
Let k(i) = -4*i**3 + 9*i**2 - 2*i - 2. Let a(z) = -5*z**3 + 10*z**2 - z - 3. Let s(o) = -3*a(o) + 4*k(o). Determine s(5).
1
Let d(p) = p**2 - 3*p - 4. Let v be d(3). Let k(c) = c**2 + 5*c + 1. Calculate k(v).
-3
Let i(a) = -4 + 1 + 0 + 6*a**2 + 0 - a**3. Determine i(6).
-3
Let m(c) = 4*c**3 + 2*c**2 - 2*c - 1. Let z(j) = -5*j**3 - j**2 + 2*j + 2. Let a(g) = -6*m(g) - 5*z(g). What is a(7)?
10
Suppose 3*i - 6 = -3*q, -2*q - i = 2*i - 4. Let s be 1/q - (-2)/4. Let g(b) = 7*b - 6*b + 6*b - 1. Determine g(s).
6
Let n(s) be the second derivative of s**5/20 + s**4/3 - 5*s**3/6 + 2*s**2 + 69*s. What is n(-5)?
4
Let v(m) = -3*m - 3 + 4*m**2 + 2*m**2 - 4*m**2. Calculate v(3).
6
Let u(o) be the first derivative of 11*o**3/3 - o**2 - 1. Let v(g) = -5*g**2 + g. Let l(a) = -3*u(a) - 7*v(a). What is l(-1)?
3
Let d(i) = -7*i**2 + i - 1. Let f(x) = -3*x**2 + x. Let a(j) = 4*d(j) - 9*f(j). Give a(-5).
-4
Suppose -4*w - 8 = -8*w. Let a(c) = 2*c**2 + 1. Let y be a(-1). Let g(k) = k + 4*k - 4*k + 2*k**y - 2*k**2 - 1. Calculate g(w).
9
Let p(i) = i**3 + 5*i**2 - 8*i - 4. Let o be (-1 + -1 - 0) + 5. Suppose 0 = -o*m - 3*k - 12, 5*k = 5*m + 2 + 38. What is p(m)?
8
Let s(z) = -7*z + 23. Let f(c) = 4*c - 11. Let g(q) = 5*f(q) + 3*s(q). What is g(8)?
6
Suppose 2*x + 4 = -2. Let n(i) be the third derivative of -i**4/24 - i**3/3 - 76*i**2. Calculate n(x).
1
Suppose -p = 5*r - 20 - 17, 0 = 3*r - 15. Suppose -2*g = -4*g + t + 10, 0 = -3*t - p. Let d(c) = 2*c + 2*c**3 - c**g + 3*c**2 - c**2 - 3 - 4*c. Determine d(-2).
1
Let l(u) = -u**2 + 4*u - 9. Let g(m) = 2*m**2 - 7*m + 17. Let n(i) = 6*g(i) + 11*l(i). Let t(j) = -j**2 - 3. Let y be 0/(2/(1 - -1)). Let p be t(y). Give n(p).
6
Let s(t) be the second derivative of -t**5/20 + 7*t**4/12 - 2*t**3/3 - 4*t**2 - 7*t. Give s(6).
4
Let l(i) = -3*i**2 - 3*i. Suppose -2*f = 3*f. Suppose f*s + 8 = -4*s. Calculate l(s).
-6
Let t be (15/6 + 3)*2. Let o = -8 + t. Let h(f) = -8*f - o + 3 - 4*f. Give h(-1).
12
Suppose -5*b = -25 - 10. Let c(j) = 3*j**2 - 6*j + j**2 - 3*j**2 - 9. Let g be c(b). Let m(q) = -q**3 - q**2 + 2*q - 1. Calculate m(g).
-1
Let i(q) = q**3 - 4*q**2 - 4*q - 2. Let a be i(5). Let u = 1 + a. Let t(b) = b - 5. What is t(u)?
-1
Let i(o) = 14*o - 30. Let k = 24 - 35. Let t(l) = 3*l - 6. Let s(f) = k*t(f) + 2*i(f). Let a(g) = -6*g + 7. Let y(b) = 4*a(b) - 5*s(b). Determine y(-5).
-7
Let p(j) = -4*j + 2. Let i(x) = -12*x + 5. Let w(q) = 3*i(q) - 8*p(q). Let t be w(-1). Let o(g) = -g**t - 7 + 0*g**2 + g + 0*g**2. Determine o(0).
-7
Let s(r) = r**2 - 2*r - 4. Suppose -w - p + 9 = -3*p, -4*p + 17 = 5*w. Let t = w - 4. Let m be -1 + 1 + t + 2. Determine s(m).
-1
Let h be -1*(1 - 3)/2. Let q(x) = 4*x**2 - 1. Calculate q(h).
3
Let s(i) = -5*i**3 - 9*i**2 - 2*i. Let f(m) = 9*m**3 + 17*m**2 + 4*m. Let q(b) = 6*f(b) + 11*s(b). Determine q(3).
6
Let i be 2/4 + 33/(-6). Let k = -4 - i. Let v(w) = -w**2 + w - 1. Calculate v(k).
-1
Let q be (-36)/(-6)*2/3. Let h(a) = -a**2 + 5*a - 2. Determine h(q).
2
Let t(n) = n**3 + 3*n**2 - 3*n - 1. Let o be t(-4). Let h(c) = c**2 + 9*c + 7. Calculate h(o).
-13
Let a(r) = -r**2 - 3*r + 1. Let x be 6/5*(-15)/(-6). Suppose 0 = x*d - 2*o + 23, 4*o - 6*o - 19 = 3*d. Let n = d + 4. Calculate a(n).
1
Let t(a) = a - 5. Let m(g) be the second derivative of 3*g**2 + 1/6*g**3 + 0 - 2*g. Let v be m(0). Determine t(v).
1
Let t(m) = 5*m**3 - m**2 - 2*m - 1. Suppose g + g = -8. Let z be (-1)/g - 30/24. Give t(z).
-5
Let h(z) = -z**2 + 4*z + 5. Let f be h(5). Let c(x) = -4 + 0 + x + f - 1. What is c(4)?
-1
Let m(w) = w + 9. Let r(z) = -2*z**2 - 2*z - z - 3*z + 4 + z**2. Let b be r(-5). Let g be (-3 - (-33)/b)*-6. Give m(g).
5
Let t(x) = 13*x**2 + 23*x - 11. Let p(o) = -7*o**2 - 12*o + 6. Let n(i) = -11*p(i) - 6*t(i). Suppose 5*q - 13 = -43. Give n(q).
0
Suppose 5*u + 4 = 9. Let c(z) = -2*z + u + z + 2*z. Calculate c(-7).
-6
Let z(i) = -i**2 - 5*i + 8. Let w be (2/(-5))/(2/30). Let s be z(w). Let u(m) = -2 - 1 + 0 - 5*m - s*m**2. Calculate u(-3).
-6
Let h be -1 - 6 - -4 - -4. Let j(i) = i - 2. Give j(h).
-1
Suppose 16 = -5*m + 41. Suppose 5*l = 3*p - 21, -m*l - 3*p + 2*p - 13 = 0. Let r(d) = -2*d**2 - 5*d - 3. What is r(l)?
-6
Let a(f) = -f**3 + 6*f**2 - 5*f - 1. Suppose -b - 4 = -8. Give a(b).
11
Suppose 2*s - 64 = -14*s. Let t(x) = -3*x**2 + 7*x + 2. Let q(o) = 3*o**2 + o - 2*o - 2*o**2. Let w(r) = 2*q(r) + t(r). Determine w(s).
6
Let o(s) = -4*s + 36. Let t be o(10). Let q(j) = j**2 + 3*j + 6. Determine q(t).
10
Let b be (1/2)/((-1)/6). Let u be (0 - 1)*(b + 0). Let i(k) = 0 - k + k**u + 3*k - 2*k**2 - k**2 + 2. What is i(2)?
2
Let u = 11 - 6. Let v(k) = u - 2*k + 1 - 3 - 6. What is v(-2)?
1
Let l(t) = -3*t - t + 3*t + t**2. Let g be l(2). Let c(k) be the second derivative of -2*k**3/3 + 3*k**2/2 - k. Give c(g).
-5
Let o(z) = -3*z**2 + 2*z**2 + z - 2*z - 3*z**2. Give o(-1).
-3
Let i(w) = w**3 - 4*w**2 - 6*w + 1. Suppose 5*k - 2*k - h - 19 = 0, -3*k + 5*h = -35. Determine i(k).
-4
Let f(s) = -s**2 + 6 + 8*s - 19*s**3 - 3*s**2 + 9*s**3 + 9*s**3. Determine f(-5).
-9
Let v(z) be the first derivative of 2 - z**2 + 3*z**2 + 2*z + 0*z**2. What is v(2)?
10
Let r(u) = 2*u**3 + 3*u**2 + u + 1. Suppose 0*m = 2*m. Suppose 0 = 4*q - m*q + 3*a + 20, 5*a + 12 = 4*q. Give r(q).
-5
Let h(